{"id":247,"date":"2024-04-16T09:46:09","date_gmt":"2024-04-16T07:46:09","guid":{"rendered":"https:\/\/www.innerebner-management.com\/?page_id=247"},"modified":"2026-04-13T16:14:35","modified_gmt":"2026-04-13T14:14:35","slug":"team","status":"publish","type":"page","link":"https:\/\/www.innerebner-management.com\/it\/team\/","title":{"rendered":"Team"},"content":{"rendered":"\n<div id=\"wir\" class=\"wp-block-group has-global-padding is-layout-constrained wp-block-group-is-layout-constrained\" style=\"margin-top:var(--wp--preset--spacing--20);margin-bottom:var(--wp--preset--spacing--60);padding-left:var(--wp--preset--spacing--60)\">\n<h1 class=\"wp-block-heading\" style=\"margin-top:var(--wp--preset--spacing--60)\"><mark style=\"background-color:rgba(0, 0, 0, 0)\" class=\"has-inline-color has-accent-4-color\">Team<\/mark><\/h1>\n\n\n\n<p>Benvenuti alla presentazione del nostro team di Innerebner Management SAS!<\/p>\n\n\n\n<p>Insieme, formiamo un team ben coordinato, caratterizzato da impegno, competenza e buona collaborazione. Ci impegniamo a superare le aspettative dei nostri clienti e a costruire relazioni commerciali a lungo termine.<\/p>\n<\/div>\n\n\n\n<div id=\"tanja\" class=\"wp-block-group has-global-padding is-layout-constrained wp-block-group-is-layout-constrained\">\n<div class=\"wp-block-columns is-layout-flex wp-container-core-columns-layout-1 wp-block-columns-is-layout-flex\">\n<div class=\"wp-block-column is-layout-flow wp-block-column-is-layout-flow\" style=\"flex-basis:33.33%\">\n<figure class=\"wp-block-image size-full wp-duotone-duotone-1\"><img loading=\"lazy\" decoding=\"async\" width=\"1366\" height=\"2048\" src=\"https:\/\/www.innerebner-management.com\/wp-content\/uploads\/2025\/09\/andergassen-web-2010-1.jpg\" alt=\"\" class=\"wp-image-414\" style=\"aspect-ratio:1;object-fit:cover\" srcset=\"https:\/\/www.innerebner-management.com\/wp-content\/uploads\/2025\/09\/andergassen-web-2010-1.jpg 1366w, https:\/\/www.innerebner-management.com\/wp-content\/uploads\/2025\/09\/andergassen-web-2010-1-200x300.jpg 200w, https:\/\/www.innerebner-management.com\/wp-content\/uploads\/2025\/09\/andergassen-web-2010-1-768x1151.jpg 768w, https:\/\/www.innerebner-management.com\/wp-content\/uploads\/2025\/09\/andergassen-web-2010-1-683x1024.jpg 683w, https:\/\/www.innerebner-management.com\/wp-content\/uploads\/2025\/09\/andergassen-web-2010-1-1025x1536.jpg 1025w\" sizes=\"(max-width: 1366px) 100vw, 1366px\" \/><\/figure>\n<\/div>\n\n\n\n<div class=\"wp-block-column is-vertically-aligned-center is-layout-flow wp-block-column-is-layout-flow\" style=\"flex-basis:66.66%\">\n<h1 class=\"wp-block-heading\"><mark style=\"background-color:rgba(0, 0, 0, 0)\" class=\"has-inline-color has-accent-4-color\">Tanja Steinegger<\/mark><\/h1>\n\n\n\n<hr class=\"wp-block-separator has-text-color has-accent-4-color has-alpha-channel-opacity has-accent-4-background-color has-background is-style-default\"\/>\n\n\n\n<p>Tanja \u00e8 la forza trainante dietro l\u2019organizzazione professionale della Innerebner Management KG. Con un marcato senso della struttura e grandi capacit\u00e0 organizzative, si occupa di tutte le attivit\u00e0 amministrative, ottimizza i processi, garantisce la qualit\u00e0 e assicura un coordinamento fluido all\u2019interno del team. Grazie alla sua leadership mirata, contribuisce in modo significativo a mantenere e sviluppare gli elevati standard nella gestione immobiliare.<\/p>\n<\/div>\n<\/div>\n<\/div>\n\n\n\n<div id=\"moritz\" class=\"wp-block-group has-global-padding is-layout-constrained wp-block-group-is-layout-constrained\" style=\"margin-top:var(--wp--preset--spacing--60)\">\n<div class=\"wp-block-columns is-layout-flex wp-container-core-columns-layout-2 wp-block-columns-is-layout-flex\">\n<div class=\"wp-block-column is-vertically-aligned-center is-layout-flow wp-block-column-is-layout-flow\" style=\"flex-basis:66.66%\">\n<h1 class=\"wp-block-heading\"><mark style=\"background-color:rgba(0, 0, 0, 0)\" class=\"has-inline-color has-accent-4-color\">Moritz Kreuzer<\/mark><\/h1>\n\n\n\n<hr class=\"wp-block-separator has-text-color has-accent-4-color has-alpha-channel-opacity has-accent-4-background-color has-background is-style-default\"\/>\n\n\n\n<p>Dal 2024, Moritz rafforza il nostro team con il suo approccio strutturato, calmo e focalizzato.<br>Coordina artigiani, organizza sopralluoghi e si assicura che tutti i processi si svolgano senza intoppi.<br>Grazie al suo modo affidabile e rispettoso di relazionarsi con i clienti, alla sua grande precisione e affidabilit\u00e0, Moritz contribuisce in modo significativo a garantire quotidianamente gli elevati standard qualitativi della nostra azienda.<\/p>\n\n\n\n<p><\/p>\n<\/div>\n\n\n\n<div class=\"wp-block-column is-layout-flow wp-block-column-is-layout-flow\" style=\"flex-basis:33.33%\">\n<figure class=\"wp-block-image size-large wp-duotone-duotone-1\"><img loading=\"lazy\" decoding=\"async\" width=\"683\" height=\"1024\" src=\"https:\/\/www.innerebner-management.com\/wp-content\/uploads\/2025\/09\/andergassen-web-2003-1-683x1024.jpg\" alt=\"\" class=\"wp-image-417\" style=\"aspect-ratio:1;object-fit:cover\" srcset=\"https:\/\/www.innerebner-management.com\/wp-content\/uploads\/2025\/09\/andergassen-web-2003-1-683x1024.jpg 683w, https:\/\/www.innerebner-management.com\/wp-content\/uploads\/2025\/09\/andergassen-web-2003-1.jpg 1366w, https:\/\/www.innerebner-management.com\/wp-content\/uploads\/2025\/09\/andergassen-web-2003-1-200x300.jpg 200w, https:\/\/www.innerebner-management.com\/wp-content\/uploads\/2025\/09\/andergassen-web-2003-1-768x1151.jpg 768w, https:\/\/www.innerebner-management.com\/wp-content\/uploads\/2025\/09\/andergassen-web-2003-1-1025x1536.jpg 1025w\" sizes=\"(max-width: 683px) 100vw, 683px\" \/><\/figure>\n<\/div>\n<\/div>\n<\/div>\n\n\n\n<div class=\"wp-block-columns is-layout-flex wp-container-core-columns-layout-3 wp-block-columns-is-layout-flex\">\n<div class=\"wp-block-column is-layout-flow wp-block-column-is-layout-flow\" style=\"flex-basis:66.66%\">\n<h1 class=\"wp-block-heading\"><mark style=\"background-color:rgba(0, 0, 0, 0)\" class=\"has-inline-color has-accent-4-color\">Marion Winkler<\/mark><\/h1>\n\n\n\n<hr class=\"wp-block-separator has-text-color has-accent-4-color has-alpha-channel-opacity has-accent-4-background-color has-background\"\/>\n\n\n\n<p>Marion Winkler supporta il nostro team nell\u2019area della contabilit\u00e0. Con il suo modo di lavorare motivato e affidabile si occupa di diverse attivit\u00e0 contabili e contribuisce a una gestione strutturata e trasparente. Con grande impegno e un atteggiamento positivo si inserisce continuamente nei processi di lavoro ed \u00e8 un valido supporto per il nostro team. Per lei sono particolarmente importanti la precisione, l\u2019affidabilit\u00e0 e una buona collaborazione.<\/p>\n<\/div>\n\n\n\n<div class=\"wp-block-column is-layout-flow wp-block-column-is-layout-flow\" style=\"flex-basis:33.33%\">\n<figure class=\"wp-block-image size-large\"><img loading=\"lazy\" decoding=\"async\" width=\"934\" height=\"1024\" src=\"https:\/\/www.innerebner-management.com\/wp-content\/uploads\/2026\/03\/bildschirmfoto-2026-03-10-um-15-55-37-934x1024.png\" alt=\"\" class=\"wp-image-447\" srcset=\"https:\/\/www.innerebner-management.com\/wp-content\/uploads\/2026\/03\/bildschirmfoto-2026-03-10-um-15-55-37-934x1024.png 934w, https:\/\/www.innerebner-management.com\/wp-content\/uploads\/2026\/03\/bildschirmfoto-2026-03-10-um-15-55-37.png 1682w, https:\/\/www.innerebner-management.com\/wp-content\/uploads\/2026\/03\/bildschirmfoto-2026-03-10-um-15-55-37-274x300.png 274w, https:\/\/www.innerebner-management.com\/wp-content\/uploads\/2026\/03\/bildschirmfoto-2026-03-10-um-15-55-37-768x842.png 768w, https:\/\/www.innerebner-management.com\/wp-content\/uploads\/2026\/03\/bildschirmfoto-2026-03-10-um-15-55-37-1401x1536.png 1401w\" sizes=\"(max-width: 934px) 100vw, 934px\" \/><\/figure>\n<\/div>\n<\/div>\n\n\n\n<div class=\"wp-block-columns is-layout-flex wp-container-core-columns-layout-4 wp-block-columns-is-layout-flex\">\n<div class=\"wp-block-column is-layout-flow wp-block-column-is-layout-flow\" style=\"flex-basis:66.66%\">\n<h1 class=\"wp-block-heading\"><mark style=\"background-color:rgba(0, 0, 0, 0)\" class=\"has-inline-color has-accent-4-color\">Romina Innerebner<\/mark><\/h1>\n\n\n\n<hr class=\"wp-block-separator has-text-color has-accent-4-color has-alpha-channel-opacity has-accent-4-background-color has-background\"\/>\n\n\n\n<p>Romina Innerebner supporta la nostra azienda nei settori dell\u2019assistenza clienti, del coordinamento con gli artigiani e delle ispezioni locali, e rappresenta per voi un punto di riferimento competente e affidabile. Grazie al suo approccio strutturato e al suo spiccato senso di responsabilit\u00e0, contribuisce in modo significativo a garantire un regolare svolgimento di queste aree chiave.<\/p>\n\n\n\n<p><\/p>\n<\/div>\n\n\n\n<div class=\"wp-block-column is-layout-flow wp-block-column-is-layout-flow\" style=\"flex-basis:33.33%\">\n<figure class=\"wp-block-image size-large wp-duotone-duotone-1\"><img loading=\"lazy\" decoding=\"async\" width=\"819\" height=\"1024\" src=\"https:\/\/www.innerebner-management.com\/wp-content\/uploads\/2026\/04\/professionelles-portraet-einer-frau-1-819x1024.png\" alt=\"\" class=\"wp-image-458\" srcset=\"https:\/\/www.innerebner-management.com\/wp-content\/uploads\/2026\/04\/professionelles-portraet-einer-frau-1-819x1024.png 819w, https:\/\/www.innerebner-management.com\/wp-content\/uploads\/2026\/04\/professionelles-portraet-einer-frau-1.png 1121w, https:\/\/www.innerebner-management.com\/wp-content\/uploads\/2026\/04\/professionelles-portraet-einer-frau-1-240x300.png 240w, https:\/\/www.innerebner-management.com\/wp-content\/uploads\/2026\/04\/professionelles-portraet-einer-frau-1-768x961.png 768w\" sizes=\"(max-width: 819px) 100vw, 819px\" \/><\/figure>\n<\/div>\n<\/div>\n","protected":false},"excerpt":{"rendered":"<p>Team Benvenuti alla presentazione del nostro team di Innerebner Management SAS! Insieme, formiamo un team ben coordinato, caratterizzato da impegno, competenza e buona collaborazione. Ci impegniamo a superare le aspettative dei nostri clienti e a costruire relazioni commerciali a lungo termine. Tanja Steinegger Tanja \u00e8 la forza trainante dietro l\u2019organizzazione professionale della Innerebner Management KG. [&hellip;]<\/p>\n","protected":false},"author":4,"featured_media":0,"parent":0,"menu_order":0,"comment_status":"closed","ping_status":"open","template":"","meta":{"inline_featured_image":false,"footnotes":""},"_links":{"self":[{"href":"https:\/\/www.innerebner-management.com\/it\/wp-json\/wp\/v2\/pages\/247"}],"collection":[{"href":"https:\/\/www.innerebner-management.com\/it\/wp-json\/wp\/v2\/pages"}],"about":[{"href":"https:\/\/www.innerebner-management.com\/it\/wp-json\/wp\/v2\/types\/page"}],"author":[{"embeddable":true,"href":"https:\/\/www.innerebner-management.com\/it\/wp-json\/wp\/v2\/users\/4"}],"replies":[{"embeddable":true,"href":"https:\/\/www.innerebner-management.com\/it\/wp-json\/wp\/v2\/comments?post=247"}],"version-history":[{"count":26,"href":"https:\/\/www.innerebner-management.com\/it\/wp-json\/wp\/v2\/pages\/247\/revisions"}],"predecessor-version":[{"id":460,"href":"https:\/\/www.innerebner-management.com\/it\/wp-json\/wp\/v2\/pages\/247\/revisions\/460"}],"wp:attachment":[{"href":"https:\/\/www.innerebner-management.com\/it\/wp-json\/wp\/v2\/media?parent=247"}],"curies":[{"name":"wp","href":"https:\/\/api.w.org\/{rel}","templated":true}]}}

<div id="wir" class="wp-block-group has-global-padding is-layout-constrained wp-block-group-is-layout-constrained" style="margin-top:var(--wp--preset--spacing--20);margin-bottom:var(--wp--preset--spacing--60);padding-left:var(--wp--preset--spacing--60)">
<h1 class="wp-block-heading" style="margin-top:var(--wp--preset--spacing--60)"><mark style="background-color:rgba(0, 0, 0, 0)" class="has-inline-color has-accent-4-color">Team</mark></h1>



<p>Benvenuti alla presentazione del nostro team di Innerebner Management SAS!</p>



<p>Insieme, formiamo un team ben coordinato, caratterizzato da impegno, competenza e buona collaborazione. Ci impegniamo a superare le aspettative dei nostri clienti e a costruire relazioni commerciali a lungo termine.</p>
</div>



<div id="tanja" class="wp-block-group has-global-padding is-layout-constrained wp-block-group-is-layout-constrained">
<div class="wp-block-columns is-layout-flex wp-container-core-columns-layout-1 wp-block-columns-is-layout-flex">
<div class="wp-block-column is-layout-flow wp-block-column-is-layout-flow" style="flex-basis:33.33%">
<figure class="wp-block-image size-full wp-duotone-duotone-1"><img loading="lazy" decoding="async" width="1366" height="2048" src="https://www.innerebner-management.com/wp-content/uploads/2025/09/andergassen-web-2010-1.jpg" alt="" class="wp-image-414" style="aspect-ratio:1;object-fit:cover" srcset="https://www.innerebner-management.com/wp-content/uploads/2025/09/andergassen-web-2010-1.jpg 1366w, https://www.innerebner-management.com/wp-content/uploads/2025/09/andergassen-web-2010-1-200x300.jpg 200w, https://www.innerebner-management.com/wp-content/uploads/2025/09/andergassen-web-2010-1-768x1151.jpg 768w, https://www.innerebner-management.com/wp-content/uploads/2025/09/andergassen-web-2010-1-683x1024.jpg 683w, https://www.innerebner-management.com/wp-content/uploads/2025/09/andergassen-web-2010-1-1025x1536.jpg 1025w" sizes="(max-width: 1366px) 100vw, 1366px" /></figure>
</div>



<div class="wp-block-column is-vertically-aligned-center is-layout-flow wp-block-column-is-layout-flow" style="flex-basis:66.66%">
<h1 class="wp-block-heading"><mark style="background-color:rgba(0, 0, 0, 0)" class="has-inline-color has-accent-4-color">Tanja Steinegger</mark></h1>



<hr class="wp-block-separator has-text-color has-accent-4-color has-alpha-channel-opacity has-accent-4-background-color has-background is-style-default"/>



<p>Tanja è la forza trainante dietro l’organizzazione professionale della Innerebner Management KG. Con un marcato senso della struttura e grandi capacità organizzative, si occupa di tutte le attività amministrative, ottimizza i processi, garantisce la qualità e assicura un coordinamento fluido all’interno del team. Grazie alla sua leadership mirata, contribuisce in modo significativo a mantenere e sviluppare gli elevati standard nella gestione immobiliare.</p>
</div>
</div>
</div>



<div id="moritz" class="wp-block-group has-global-padding is-layout-constrained wp-block-group-is-layout-constrained" style="margin-top:var(--wp--preset--spacing--60)">
<div class="wp-block-columns is-layout-flex wp-container-core-columns-layout-2 wp-block-columns-is-layout-flex">
<div class="wp-block-column is-vertically-aligned-center is-layout-flow wp-block-column-is-layout-flow" style="flex-basis:66.66%">
<h1 class="wp-block-heading"><mark style="background-color:rgba(0, 0, 0, 0)" class="has-inline-color has-accent-4-color">Moritz Kreuzer</mark></h1>



<hr class="wp-block-separator has-text-color has-accent-4-color has-alpha-channel-opacity has-accent-4-background-color has-background is-style-default"/>



<p>Dal 2024, Moritz rafforza il nostro team con il suo approccio strutturato, calmo e focalizzato.<br>Coordina artigiani, organizza sopralluoghi e si assicura che tutti i processi si svolgano senza intoppi.<br>Grazie al suo modo affidabile e rispettoso di relazionarsi con i clienti, alla sua grande precisione e affidabilità, Moritz contribuisce in modo significativo a garantire quotidianamente gli elevati standard qualitativi della nostra azienda.</p>



<p></p>
</div>



<div class="wp-block-column is-layout-flow wp-block-column-is-layout-flow" style="flex-basis:33.33%">
<figure class="wp-block-image size-large wp-duotone-duotone-1"><img loading="lazy" decoding="async" width="683" height="1024" src="https://www.innerebner-management.com/wp-content/uploads/2025/09/andergassen-web-2003-1-683x1024.jpg" alt="" class="wp-image-417" style="aspect-ratio:1;object-fit:cover" srcset="https://www.innerebner-management.com/wp-content/uploads/2025/09/andergassen-web-2003-1-683x1024.jpg 683w, https://www.innerebner-management.com/wp-content/uploads/2025/09/andergassen-web-2003-1.jpg 1366w, https://www.innerebner-management.com/wp-content/uploads/2025/09/andergassen-web-2003-1-200x300.jpg 200w, https://www.innerebner-management.com/wp-content/uploads/2025/09/andergassen-web-2003-1-768x1151.jpg 768w, https://www.innerebner-management.com/wp-content/uploads/2025/09/andergassen-web-2003-1-1025x1536.jpg 1025w" sizes="(max-width: 683px) 100vw, 683px" /></figure>
</div>
</div>
</div>



<div class="wp-block-columns is-layout-flex wp-container-core-columns-layout-3 wp-block-columns-is-layout-flex">
<div class="wp-block-column is-layout-flow wp-block-column-is-layout-flow" style="flex-basis:66.66%">
<h1 class="wp-block-heading"><mark style="background-color:rgba(0, 0, 0, 0)" class="has-inline-color has-accent-4-color">Marion Winkler</mark></h1>



<hr class="wp-block-separator has-text-color has-accent-4-color has-alpha-channel-opacity has-accent-4-background-color has-background"/>



<p>Marion Winkler supporta il nostro team nell’area della contabilità. Con il suo modo di lavorare motivato e affidabile si occupa di diverse attività contabili e contribuisce a una gestione strutturata e trasparente. Con grande impegno e un atteggiamento positivo si inserisce continuamente nei processi di lavoro ed è un valido supporto per il nostro team. Per lei sono particolarmente importanti la precisione, l’affidabilità e una buona collaborazione.</p>
</div>



<div class="wp-block-column is-layout-flow wp-block-column-is-layout-flow" style="flex-basis:33.33%">
<figure class="wp-block-image size-large"><img loading="lazy" decoding="async" width="934" height="1024" src="https://www.innerebner-management.com/wp-content/uploads/2026/03/bildschirmfoto-2026-03-10-um-15-55-37-934x1024.png" alt="" class="wp-image-447" srcset="https://www.innerebner-management.com/wp-content/uploads/2026/03/bildschirmfoto-2026-03-10-um-15-55-37-934x1024.png 934w, https://www.innerebner-management.com/wp-content/uploads/2026/03/bildschirmfoto-2026-03-10-um-15-55-37.png 1682w, https://www.innerebner-management.com/wp-content/uploads/2026/03/bildschirmfoto-2026-03-10-um-15-55-37-274x300.png 274w, https://www.innerebner-management.com/wp-content/uploads/2026/03/bildschirmfoto-2026-03-10-um-15-55-37-768x842.png 768w, https://www.innerebner-management.com/wp-content/uploads/2026/03/bildschirmfoto-2026-03-10-um-15-55-37-1401x1536.png 1401w" sizes="(max-width: 934px) 100vw, 934px" /></figure>
</div>
</div>



<div class="wp-block-columns is-layout-flex wp-container-core-columns-layout-4 wp-block-columns-is-layout-flex">
<div class="wp-block-column is-layout-flow wp-block-column-is-layout-flow" style="flex-basis:66.66%">
<h1 class="wp-block-heading"><mark style="background-color:rgba(0, 0, 0, 0)" class="has-inline-color has-accent-4-color">Romina Innerebner</mark></h1>



<hr class="wp-block-separator has-text-color has-accent-4-color has-alpha-channel-opacity has-accent-4-background-color has-background"/>



<p>Romina Innerebner supporta la nostra azienda nei settori dell’assistenza clienti, del coordinamento con gli artigiani e delle ispezioni locali, e rappresenta per voi un punto di riferimento competente e affidabile. Grazie al suo approccio strutturato e al suo spiccato senso di responsabilità, contribuisce in modo significativo a garantire un regolare svolgimento di queste aree chiave.</p>



<p></p>
</div>



<div class="wp-block-column is-layout-flow wp-block-column-is-layout-flow" style="flex-basis:33.33%">
<figure class="wp-block-image size-large wp-duotone-duotone-1"><img loading="lazy" decoding="async" width="819" height="1024" src="https://www.innerebner-management.com/wp-content/uploads/2026/04/professionelles-portraet-einer-frau-1-819x1024.png" alt="" class="wp-image-458" srcset="https://www.innerebner-management.com/wp-content/uploads/2026/04/professionelles-portraet-einer-frau-1-819x1024.png 819w, https://www.innerebner-management.com/wp-content/uploads/2026/04/professionelles-portraet-einer-frau-1.png 1121w, https://www.innerebner-management.com/wp-content/uploads/2026/04/professionelles-portraet-einer-frau-1-240x300.png 240w, https://www.innerebner-management.com/wp-content/uploads/2026/04/professionelles-portraet-einer-frau-1-768x961.png 768w" sizes="(max-width: 819px) 100vw, 819px" /></figure>
</div>
</div>

<p>Team Benvenuti alla presentazione del nostro team di Innerebner Management SAS! Insieme, formiamo un team ben coordinato, caratterizzato da impegno, competenza e buona collaborazione. Ci impegniamo a superare le aspettative dei nostri clienti e a costruire relazioni commerciali a lungo termine. Tanja Steinegger Tanja è la forza trainante dietro l’organizzazione professionale della Innerebner Management KG. [&hellip;]</p>
